?
-1001221202
In base 3, what is -1011002221210102 - -11?
-1011002221210021
In base 4, what is 111020132 + -101?
111020031
In base 11, what is 4 - -37578a0?
37578a4
In base 14, what is 74 + -5db54d?
-5db4b9
In base 10, what is -1945 + -5595?
-7540
In base 2, what is 1011 + -11100101000011001110?
-11100101000011000011
In base 10, what is 11186952 + -58?
11186894
In base 15, what is 68ba3 + -13?
68b90
In base 13, what is -30 + -938cc?
-9392c
In base 7, what is 1200005 - -1203?
1201211
In base 15, what is -11 - 32a02d?
-32a03e
In base 4, what is -32233310132203 - 2?
-32233310132211
In base 10, what is 5938401 + 5?
5938406
In base 16, what is a2 - 7016b?
-700c9
In base 3, what is -110112201010 + -10022200?
-110200000210
In base 5, what is 21443 - 102142?
-30144
In base 2, what is -1100011110001111001110111 - -101?
-1100011110001111001110010
In base 7, what is 131151 - 25663?
102155
In base 6, what is 4 - -33443133?
33443141
In base 12, what is -3 - -3236792?
323678b
In base 5, what is -1200002 + -1?
-1200003
In base 13, what is -5 - -5798b5a0?
5798b598
In base 11, what is 7760363 - 3?
7760360
In base 3, what is 2 - -210000010002122022?
210000010002122101
In base 7, what is 4010250 + -151?
4010066
In base 8, what is -65 + -127472?
-127557
In base 5, what is 140323204034 - 1?
140323204033
In base 4, what is -1202 - -3133231300?
3133230032
In base 5, what is -340442 + -3023?
-344020
In base 11, what is 4 + 27892169?
27892172
In base 5, what is -13341 + 2023421?
2010030
In base 15, what is 1e199c8 + 0?
1e199c8
In base 10, what is 18447 - 406?
18041
In base 4, what is -30021003111 - 1?
-30021003112
In base 16, what is -d - -30315?
30308
In base 8, what is 57 - 10652414?
-10652335
In base 9, what is 700 + 231545?
232345
In base 14, what is ca28 + 901a?
17a44
In base 15, what is 4bb4 + -ea0?
3c14
In base 8, what is -1173617 + 44?
-1173553
In base 8, what is 5300 + 205260?
212560
In base 16, what is -61e - 5a23?
-6041
In base 6, what is -1554 + -1355214?
-1401212
In base 3, what is -1001101120 + -1200?
-1001110020
In base 11, what is -59659 + 159?
-59500
In base 8, what is -2537634016 + -3?
-2537634021
In base 5, what is 14223300 - -413?
14224213
In base 6, what is -443 - -234331?
233444
In base 14, what is -cb + -1911?
-19dc
In base 12, what is 14 + -1503bab?
-1503b97
In base 9, what is -3086 - -668556?
665460
In base 13, what is -2307 - 15473?
-1777a
In base 7, what is -56366 - 13442?
-103141
In base 12, what is 5b957 + -3?
5b954
In base 10, what is -4186548 - -13?
-4186535
In base 9, what is -111644436 - -7?
-111644428
In base 2, what is 0 + 111101001101011010011?
111101001101011010011
In base 9, what is 6054317 + 2?
6054320
In base 16, what is -105a + -f135?
-1018f
In base 3, what is -110222222122 - 21122?
-111000021021
In base 5, what is -2014000 - 1213?
-2020213
In base 4, what is -20 + 22130010302?
22130010222
In base 14, what is 11370d8 - 3?
11370d5
In base 6, what is -514 + 32014304?
32013350
In base 4, what is -23211223201 - -10?
-23211223131
In base 16, what is 80c - 31f?
4ed
In base 12, what is 22aa6a8 - a0?
22aa608
In base 11, what is 22 + 1828a18?
1828a3a
In base 10, what is 19 - 228092?
-228073
In base 10, what is 82669 - -132?
82801
In base 9, what is -1 + -48603560?
-48603561
In base 14, what is 5c - -26b69?
26bc7
In base 14, what is -7181 + 119?
-7066
In base 8, what is -1003215 + -22?
-1003237
In base 16, what is 4 - 172751?
-17274d
In base 15, what is 1e21 + 6317?
8238
In base 11, what is 15147 + 4273?
1940a
In base 6, what is -3 + 40142544?
40142541
In base 7, what is 0 + -100166065?
-100166065
In base 12, what is 112 - 6986a6?
-698594
In base 13, what is -42c9b - -59?
-42c42
In base 16, what is -be2d09 - 0?
-be2d09
In base 14, what is -28d5665 - 4?
-28d5669
In base 3, what is -212102210111 - -1200?
-212102201211
In base 14, what is a55b6 + -17?
a559d
In base 16, what is 13e6a - -11d?
13f87
In base 3, what is 1202001210 + -211022?
1201020111
In base 7, what is -5 + -1144305003?
-1144305011
In base 12, what is 95a6 - 35?
9571
In base 5, what is -10014 + 2403203?
2343134
In base 10, what is -242 + -2666?
-2908
In base 10, what is 39471003 + 2?
39471005
In base 16, what is -19 + 11443?
1142a
In base 7, what is -4 - -361133222?
361133215
In base 5, what is 433 - 10341101?
-10340113
In base 15, what is 835a + 1e0?
854a
In base 11, what is -2 - -128605a0?
12860599
In base 7, what is -14235562661 + 2?
-14235562656
In base 2, what is -111111 - -10101111111110110001?
10101111111101110010
In base 11, what is -1a4 + -103345?
-103539
In base 6, what is -220202534250 + -2?
-220202534252
In base 8, what is 4 + -146777023?
-146777017
In base 11, what is 784212 + -205?
784008
In base 4, what is 13210230322332 + 0?
13210230322332
In base 16, what is 1862d - -28?
18655
In base 10, what is 16161 - 1859?
14302
In base 4, what is 11 - 112130020000?
-112130013323
In base 6, what is 5333314 - -421?
5334135
In base 16, what is 12 - f9df17?
-f9df05
In base 7, what is 350 - 40200201?
-40166521
In base 2, what is -101010010000100 + -1011001011110?
-110101011100010
In base 11, what is aa60 + 5a46?
159a6
In base 3, what is -2020211212111 + 11?
-2020211212100
In base 8, what is -4 + 13146766?
13146762
In base 4, what is 30030012 - 20200?
30003212
In base 13, what is 5a9a536 + 0?
5a9a536
In base 15, what is 0 + -2deb1a?
-2deb1a
In base 13, what is 339205b + 3?
3392061
In base 3, what is 2 + -111220101121021?
-111220101121012
In base 13, what is 3489 - 2718?
a71
In base 11, what is 315 + 3347?
3661
In base 10, what is 4564059 + -1?
4564058
In base 9, what is -87 + 62408?
62311
In base 11, what is -1049820a - -29?
-10498191
In base 14, what is 38a906 + -12?
38a8d4
In base 15, what is 451 - 68ec?
-649b
In base 5, what is 2220003 - 434?
2214014
In base 6, what is 1234 + -55122?
-53444
In base 15, what is 3403b + 0?
3403b
In base 14, what is -d - b56c982?
-b56c991
In base 12, what is 66 - -b77b9?
b7863
In base 4, what is 0 - -3322310202200?
3322310202200
In base 14, what is 0 + 32d1d7bc?
32d1d7bc
In base 13, what is -5416a - -21?
-54149
In base 15, what is 5b97 - -9e0a?
10aa2
In base 12, what is -4 + 963117?
963113
In base 3, what is 121001222120 + 10201?
121002010021
In base 6, what is -2 - -110142103?
110142101
In base 13, what is -139b73c - 3?
-139b742
In base 4, what is 1030 - 313120300?
-313113210
In base 4, what is -120 - 13120321110?
-13120321230
In base 9, what is 38024 - -223?
38247
In base 11, what is 116512033 + -5?
116512029
In base 11, what is 811917 + 6?
811922
In base 12, what is -5 - -91b025?
91b020
In base 14, what is -5c8a + -cd?
-5d79
In base 7, what is 304154403 - 2?
304154401
In base 14, what is -2b4748 - -62?
-2b46c6
In base 8, what is 1654 - 637535?
-635661
In base 15, what is -7544 - c78?
-82bc
In base 7, what is 124 + 145013?
145140
In base 12, what is 28 - 15b37b?
-15b353
In base 16, what is -68e - 1ca4a?
-1d0d8
In base 16, what is -56fcf5 - 8?
-56fcfd
In base 15, what is 3 + -3b4c355?
-3b4c352
In base 16, what is -3c + 5b18d?
5b151
In base 10, what is -6 + -27333352?
-27333358
In base 13, what is 5 + 140ba17b?
140ba183
In base 15, what is -1853 + 113b1?
ea5d
In base 8, what is -4262 + 430020?
423536
In base 5, what is -22004 - 1104232?
-1131241
In base 14, what is -344a255c + 1?
-344a255b
In base 5, what is 321332020140 + 3?
321332020143
In base 15, what is 4ba3a - a64?
4aec6
In base 11, what is -14aa - 10150?
-1164a
In base 4, what is -10011 + 330031333?
330021322
In base 4, what is 31 + -21102022022?
-21102021331
In base 10, what is -345 + 15420?
15075
In base 7, what is 20116 - -613521?
633640
In base 11, what is 117a - -24a2?
3671
In base 6, what is 121451 - 1242144?
-1120253
In base 12, what is 455320a7 + 5?
455320b0
In base 16, what is 1 - 1cb5a1?
-1cb5a0
In base 6, what is 42325 - -203421?
250150
In base 15, what is 19ad + 557?
2015
In base 15, what is 2b4079 + -1?
2b4078
In base 11, what is -3234 - 5468?
-86a1
In base 8, what is 10226162 - 36?
10226124
In base 4, what is -11031201 - -1033103?
-3332032
In base 14, what is 3 - -3493a2?
3493a5
In base 13, what is 66ac815 + -1?
66ac814
In base 9, what is 2 - -18066872?
18066874
In base 8, what is -524104 + -414?
-524520
In base 6, what is 2 + 43544030435?
43544030441
In base 5, what i